.
17
Suppose 21 = 2*c - 3*g + 4, -12 = -4*g. Calculate the remainder when 51 is divided by c.
12
Let f(w) = w**2 - 2*w + w**3 + 4*w + 2 - 3*w. Suppose -3*d - 5 = -4*d. Calculate the remainder when f(2) is divided by d.
2
Suppose -3*f + 4*k - 2 = -3, 4*f = 4*k + 8. Let m = -1 + 5. Suppose 2*d + m = -2*d + 4*i, 0 = -3*d + 2*i + 2. What is the remainder when f is divided by d?
3
Let w(q) = 2*q**2 - 11*q + 22. Let s(m) = 2*m**2 - m - 2. What is the remainder when w(4) is divided by s(2)?
2
Let d(p) = -p**3 - 5*p**2 + 5*p + 4. Calculate the remainder when 16 is divided by d(-6).
6
Suppose 12 = -3*b, 5*b + 44 + 0 = 4*r. Let h = 1 - -1. Suppose h*y - r*y = -40. Calculate the remainder when 28 is divided by y.
8
Suppose 0*u - 3*x - 332 = -4*u, 3*u - 228 = -3*x. Suppose -128 = -4*b + u. Calculate the remainder when b is divided by 14.
10
Calculate the remainder when 57 is divided by (-4 - 2)/(1/(-2)).
9
What is the remainder when 138 is divided by -141*((-26)/6 + 4)?
44
Let y(z) = 6*z + 5. Calculate the remainder when 114 is divided by y(3).
22
Let s = 2 - 0. Suppose l + 6*t - s*t = -20, -3*t - 15 = -3*l. Suppose l*c + 20 = 5*c. What is the remainder when 11 is divided by c?
3
Let x be 2*-1*(-1)/(-2). Suppose 3*o = -o + 4*w + 36, 0 = 2*w - 8. What is the remainder when (36/(-15))/(x/10) is divided by o?
11
Suppose 0*p + 2*q = p + 10, -4*q = -12. Let h(n) = -2*n**3 - 3*n**2 + 5*n - 1. Calculate the remainder when h(p) is divided by (0 + 0)/2 + 20.
19
Let c be (1 - -4)*(-2)/(-5). Let y be c/6 + (-246)/(-18). Suppose -2*p = -16 - y. Calculate the remainder when p is divided by 8.
7
Suppose 9 = 3*x + 2*n, 2*n + 4 = x + 3*n. Calculate the remainder when 3 is divided by x.
0
What is the remainder when ((-3)/2)/(27/(-3384)) is divided by 48?
44
Let q = -10 - -30. Calculate the remainder when 99 is divided by q.
19
Let x = -219 - -235. Suppose -2*j + 7*j = 310. Calculate the remainder when j is divided by x.
14
What is the remainder when 37 is divided by 2*(2 - 1) - -18?
17
Let v be 2/3 + (-106)/6. Let n = -1 - v. What is the remainder when 27 is divided by 2 + -3 + -1 + n?
13
Let u be -4*((-30)/(-4))/3. Let f = 21 + u. What is the remainder when 32 is divided by f?
10
Suppose 48 = 5*k - 2*k. What is the remainder when 111 is divided by k?
15
Let o(z) = -47*z**3. Suppose 2*t + 3*t + 99 = -3*m, -2*m + 4*t - 66 = 0. Let h = m + 49. What is the remainder when o(-1) is divided by h?
15
Let p(q) = 34*q - 1. Let b be p(3). Let d = -54 + b. Let n = 48 + -32. Calculate the remainder when d is divided by n.
15
Let m = -69 - -133. What is the remainder when m is divided by 11?
9
Let a be (-24)/(-5) + 3/15. Suppose a*r - 92 = r. Suppose 0 = o + 1 - 9. What is the remainder when r is divided by o?
7
Let x be (-24)/(-2)*(-3 + 1). Let m = 33 - x. Suppose l - m = -2*l. Calculate the remainder when l is divided by 11.
8
Let o be -2 + (1 + 17)/1. Let s = o - 8. Calculate the remainder when s is divided by 5.
3
Suppose 3*p + 152 = 7*p. What is the remainder when 74 is divided by p?
36
Suppose k - 10 = 3*k, -m + 5*k = -32. Suppose -3*y - 24 = -5*i, 3*i + 2*y = -2*y + 26. What is the remainder when m is divided by i?
1
Let t(q) = 29*q**3 + q - 1. Suppose -5*a + 0 = -5. What is the remainder when t(a) is divided by 8?
5
Suppose 0 = -3*l - l + 172. Suppose 4*j - 173 - l = 0. What is the remainder when j is divided by 28?
26
Let c(n) = -n**3 + 12*n**2 - 10*n - 6. Let k be c(11). What is the remainder when 7 is divided by ((-4)/k)/(3/(-15))?
3
Let v(u) = -12*u + 2. Let b(w) = w**3 - 3*w**2 - 2*w + 1. What is the remainder when v(-2) is divided by b(4)?
8
Suppose -8 = 3*j - j. Let k be 6 + j/(-2) + -2. Suppose 2*b + 4*n = -2, k*b + 5*n = 3*b - 2. Calculate the remainder when b is divided by 1.
0
Let x(p) = 2*p + 6. Let n be x(-5). Suppose 3*j + 3*c + 1 = 2*j, 57 = 3*j - 3*c. What is the remainder when j is divided by n/(-18) - 210/(-27)?
6
Suppose 2*d - 5 = 13. Suppose 7*c - 6*c - 76 = -5*a, 0 = 2*a - c - 36. What is the remainder when a is divided by d?
7
Let y(m) = 2*m**2 - 5*m + 2. Let f(i) = -i**3 - 7*i**2 + 7*i + 14. Calculate the remainder when f(-8) is divided by y(3).
2
Let k = 27 + -20. Calculate the remainder when 27 is divided by k.
6
Suppose 2*g + 10 = -3*g. Calculate the remainder when (-52)/(-6) - (-8)/(-12) is divided by g/3*(-60)/8.
3
Suppose 0*w = -3*w + 12. Suppose -19 + 4 = -5*h, -w*h - 288 = -4*l. Calculate the remainder when l is divided by 19.
18
Suppose 3*w + 4*r = 15, -7*r + 3 = 2*w - 2*r. Suppose -51 = -5*q + 114. Calculate the remainder when q is divided by w.
6
Suppose 2*h + 5*u = -1 - 23, 5*h - 2 = 3*u. Let n be (1 + -1)*-1 - h. Calculate the remainder when (-134)/(-8) - n/(-8) is divided by 9.
8
Let f = 1 - -2. Suppose -4*z = 5*q - 35, f*q + 0*z = -2*z + 21. Calculate the remainder when 27 is divided by q.
6
What is the remainder when 5 is divided by 10/4 - 7/(-14)?
2
Suppose 3 + 0 = -r. Let s = 5 + r. Calculate the remainder when ((-33)/9)/(s/(-6)) is divided by 6.
5
Suppose -2 + 5 = m. Let l = m + -16. Let k = 21 + l. What is the remainder when 23 is divided by k?
7
Let q(k) = 15*k - 4. Let n = 2 + 1. Suppose 3*m + 26 = 3*a + 74, -n*a + 15 = 0. Calculate the remainder when q(3) is divided by m.
20
Let d = -81 + 131. Calculate the remainder when -4*(d/(-8) - 0) is divided by 13.
12
Let l(w) = -w + 17. Calculate the remainder when 20 is divided by l(6).
9
Calculate the remainder when 10 is divided by 1/4 - 4/(80/(-115)).
4
Suppose i = -5*h + 5, 0 = -5*h - 0*h - 5*i - 15. Suppose h*b - 78 - 86 = 0. What is the remainder when b is divided by 28?
26
Let x be 38/(-3) - (-4)/6. Let d(q) = -q**2 - 13*q - 7. Let s be d(x). Suppose 3*t - s*t = -50. Calculate the remainder when t is divided by 13.
12
Let s be (-2)/((-1)/6*2). Let n = s - 3. Suppose -n*a + 0*h + h = -30, -a = 4*h - 10. Calculate the remainder when 28 is divided by a.
8
Calculate the remainder when 8 is divided by ((-6)/(-1))/((-12)/6 - -4).
2
Suppose 2*k = 3*v - 60, 0 = 2*v + 7*k - 4*k - 27. Calculate the remainder when 46 is divided by v.
10
Let f = -16 - -24. Suppose f = 4*h, 18 = -0*u + 2*u - 3*h. Let s = -12 + 19. Calculate the remainder when u is divided by s.
5
Suppose 2*x = x + 27. Suppose -3 = -5*l - 5*w + 32, 5*l = 3*w + x. What is the remainder when l is divided by 2?
0
Suppose -u = -5*b - 20, -4*u = -0*u. Let s(p) = -p**2 - 4*p + 5. Calculate the remainder when 12 is divided by s(b).
2
Suppose 3*i - 1 = 23. Suppose -20 - 55 = -5*g. What is the remainder when g is divided by i?
7
Let a = 10 + -35. Calculate the remainder when 2/(-10) - 1230/a is divided by 17.
15
Suppose -j - 166 = -4*j - 5*i, 3*j = -i + 170. What is the remainder when j is divided by 10?
7
Suppose 9*o = 8*o + 11. Calculate the remainder when 32 is divided by o.
10
Let c(o) = o**3 + 10*o**2 + 9*o + 3. Let k be c(-9). Suppose r - k*r = -18. What is the remainder when 16 is divided by r?
7
Let l(i) = -2*i + 7. Let u be l(12). Let h = -6 - u. Calculate the remainder when (3 - -1)/((-6)/(-45)) is divided by h.
8
Suppose -7*u + 328 = -3*u. What is the remainder when u is divided by 21?
19
Let m be (-6)/1*(-2)/4. Let f(i) = -i - 1 + i**2 - m*i + 8*i. What is the remainder when 31 is divided by f(-6)?
9
Let i = 288 - 151. What is the remainder when i is divided by 35?
32
Let l be 2/2 - 33/(-1). Suppose i - 10 = -5*z - 0, 3*z = i + 6. Suppose r + i*r = l. What is the remainder when r is divided by 18?
16
Let g(p) = 3*p. Let b be g(-1). What is the remainder when 13 is divided by (1 - b) + 3 + -2?
3
Let v(y) = 0 - 2*y + 4 + 36*y. Let o be v(4). Suppose 7*r - 3*r - o = 0. Calculate the remainder when r is divided by 18.
17
Let h(f) = 2*f + 6. Let a be h(-5). Let m = 7 + a. Let n = 18 - 13. Calculate the remainder when n is divided by m.
2
Suppose -2*q = -1 - 3. Suppose -3*d = 4*x - 11 - 12, -2*x = 4*d - 14. What is the remainder when x is divided by q?
1
Suppose i = 27 + 1. Suppose 0 = 5*d - 5*q - 65, 5*d - 103 = -5*q - i. Calculate the remainder when d is divided by 5.
4
What is the remainder when 47 is divided by (2 - (0 - -1)) + (4 - -20)?
22
Let x = 1 + -2. Let k be x + 17 - (-1 - -2). What is the remainder when 314/8 - k/(-20) is divided by 14?
12
What is the remainder when 23 is divided by (2/(-3) + 2)/((-23)/(-207))?
11
